750
Calculate the greatest common factor of 894 and 31053.
3
Calculate the greatest common divisor of 186 and 118803501.
93
Calculate the highest common divisor of 192066 and 33264.
42
What is the highest common divisor of 23505969 and 47?
47
What is the highest common divisor of 9048 and 342576?
312
What is the highest common divisor of 46807805 and 1045?
55
Calculate the highest common divisor of 567417 and 87.
3
Calculate the highest common factor of 2806527 and 22389.
1317
What is the highest common divisor of 13647 and 1263?
3
What is the highest common factor of 378331 and 48190?
79
What is the highest common factor of 22351 and 3844?
31
Calculate the highest common factor of 1096 and 28362973.
137
Calculate the highest common divisor of 4451200 and 28676.
428
Calculate the greatest common factor of 1838118 and 11454.
498
What is the greatest common factor of 18500 and 1886565250?
9250
Calculate the highest common factor of 6295171 and 2363.
139
What is the highest common factor of 15439245 and 110805?
1245
Calculate the greatest common divisor of 650880454 and 38.
38
What is the greatest common divisor of 484 and 1956196?
44
What is the greatest common divisor of 626 and 40375748?
626
What is the highest common divisor of 175963373 and 469?
67
What is the greatest common divisor of 222158 and 565?
113
What is the highest common factor of 920 and 1949120740?
460
Calculate the greatest common divisor of 280 and 541903480.
40
Calculate the greatest common divisor of 14023372 and 66.
22
What is the highest common divisor of 43 and 382644702?
43
Calculate the greatest common divisor of 40519886 and 2101.
2101
What is the greatest common divisor of 51580006 and 102?
34
What is the highest common factor of 711 and 29642064?
237
What is the highest common divisor of 4537011 and 169065?
867
What is the greatest common factor of 68613180 and 108?
12
Calculate the highest common factor of 4046 and 1938986.
238
Calculate the greatest common divisor of 3795442 and 1960.
98
What is the greatest common factor of 46146 and 14202?
6
Calculate the highest common divisor of 26632737 and 38.
19
Calculate the highest common factor of 12395 and 11346383.
2479
What is the greatest common factor of 66 and 2599596?
6
What is the highest common factor of 345610356 and 3276?
1092
Calculate the greatest common divisor of 1176555955 and 145.
145
What is the greatest common divisor of 189528 and 584676?
1788
What is the highest common divisor of 31321532 and 248?
124
What is the highest common divisor of 4560 and 358768640?
1520
Calculate the highest common factor of 360 and 469419.
3
Calculate the highest common factor of 2663512 and 153424.
1784
Calculate the greatest common divisor of 1706128 and 116986.
58
What is the greatest common divisor of 3120 and 260943280?
1040
Calculate the greatest common divisor of 673 and 36137408.
673
What is the greatest common factor of 1430968149 and 1989?
1989
What is the highest common factor of 18 and 976002?
6
What is the greatest common factor of 3220172 and 13676?
1052
What is the greatest common divisor of 120443 and 11395?
43
What is the highest common factor of 95410 and 22369585?
1015
Calculate the greatest common factor of 411510 and 801966.
1914
Calculate the highest common factor of 43248109 and 22085.
631
Calculate the highest common divisor of 1226879 and 6730.
673
What is the greatest common divisor of 466 and 10636217?
233
What is the highest common divisor of 948323312 and 32?
16
What is the greatest common factor of 7201 and 22671401?
379
Calculate the greatest common divisor of 225 and 375603.
3
Calculate the greatest common factor of 38748 and 38144177.
3229
Calculate the highest common divisor of 13815496 and 16.
8
Calculate the highest common divisor of 2016 and 121701744.
144
Calculate the highest common divisor of 50992578 and 728.
182
Calculate the highest common factor of 24582 and 105689.
17
What is the greatest common factor of 292443 and 934004?
2267
What is the highest common factor of 3952 and 875888?
208
Calculate the greatest common factor of 468160 and 186865.
665
What is the highest common factor of 13108965 and 5405?
115
Calculate the highest common divisor of 2373 and 14433942.
339
What is the highest common divisor of 2060195 and 23?
1
What is the highest common factor of 1566 and 94712?
2
What is the greatest common factor of 13588170 and 2332154?
19274
What is the greatest common factor of 192053676 and 12?
12
What is the greatest common divisor of 30873 and 1094109?
753
Calculate the highest common divisor of 57732 and 272.
68
Calculate the greatest common factor of 5054341 and 10274.
467
Calculate the highest common divisor of 502 and 17893790.
502
What is the greatest common factor of 75047830 and 734?
734
Calculate the greatest common factor of 75713883 and 42.
21
What is the greatest common factor of 165369620 and 13550?
2710
Calculate the greatest common divisor of 279826946 and 266.
266
Calculate the highest common factor of 2585 and 9177784.
517
What is the highest common factor of 45432 and 129036976?
5048
Calculate the highest common factor of 63755 and 993389.
41
Calculate the highest common divisor of 2144 and 663180.
4
Calculate the highest common factor of 3691 and 314853373.
3691
What is the greatest common divisor of 1815 and 56549790?
165
What is the greatest common factor of 3887 and 331578?
169
What is the highest common divisor of 714 and 13641684?
714
What is the greatest common divisor of 430 and 2063398?
86
Calculate the highest common factor of 10408 and 43144.
8
What is the highest common factor of 87 and 4184207?
29
Calculate the highest common divisor of 12 and 4410084.
12
What is the greatest common divisor of 110 and 4132810?
110
Calculate the greatest common divisor of 1896 and 1714616.
632
What is the greatest common factor of 4571223 and 22499?
151
What is the greatest common divisor of 609 and 2225013?
21
What is the greatest common factor of 104570059 and 33?
11
What is the greatest common divisor of 15070440 and 59829?
1617
What is the greatest common factor of 180545615 and 1949?
1949
What is the greatest common factor of 18069 and 2150952?
57
What is the greatest common divisor of 242321 and 824423?
443
Calculate the greatest common factor of 7751 and 19428050.
337
What is the highest common factor of 2922 and 68884689?
1461
Calculate the highest common factor of 237005310 and 240.
30
Calculate the highest common factor of 19359 and 10082693.
239
Calculate the greatest common divisor of 46 and 9260.
2
What is the greatest common divisor of 394926300 and 6?
6
Calculate the greatest common factor of 15651 and 122952.
141
Calculate the highest common factor of 86142292 and 67876.
956
Calculate the highest common factor of 134924336 and 2.
2
What is the greatest common divisor of 9012058 and 22?
22
Calculate the greatest common factor of 2350775 and 3800.
475
Calculate the highest common factor of 4076 and 6360598.
2038
Calculate the highest common divisor of 22738252 and 496.
124
Calculate the greatest common factor of 316597 and 56128.
877
Calculate the greatest common factor of 216670 and 3290.
470
What is the greatest common factor of 916565 and 954915?
3835
Calculate the greatest common factor of 418 and 46619749.
209
What is the highest common divisor of 7182 and 9?
9
What is the highest common factor of 15552185 and 55?
55
What is the greatest common factor of 152 and 1796602?
38
Calculate the greatest common divisor of 192960 and 727152.
48
What is the highest common divisor of 18883090 and 340?
170
Calculate the highest common factor of 15787312 and 304.
16
What is the highest common divisor of 2015190 and 40?
10
What is the highest common factor of 10022311 and 1677?
559
What is the greatest common divisor of 465 and 210360?
15
Calculate the highest common factor of 223293 and 37014.
93
What is the highest common factor of 451234762 and 2090?
418
What is the greatest common divisor of 33374 and 363?
11
Calculate the highest common divisor of 40846 and 22282.
26
Calculate the highest common factor of 32028853 and 2053.
2053
Calculate the greatest common factor of 2091 and 254022347.
697
What is the greatest common factor of 136 and 164299866?
